8. Let m = k + -243. Calculate the greatest common factor of m and 75.
75
Suppose 0 = 5*u - 2*x - 1554, 313 = 4*u + x - 912. Calculate the greatest common divisor of 98 and u.
14
Suppose 37*c + 23*c = 322*c - 150388. What is the greatest common factor of 1066 and c?
82
Let b(r) = -6*r**2 - 53*r - 28. Let f be b(-8). Calculate the greatest common divisor of f and 114.
6
Let c(m) = 6*m**2 + 1. Let t be c(4). Suppose 173 + t = p. Suppose 5*w = -4*w + p. What is the highest common factor of w and 18?
6
Let g(s) = -1130*s + 4592. Let n be g(4). Calculate the greatest common divisor of 18072 and n.
72
Suppose -8*x = -2846 - 586. What is the greatest common factor of 330 and x?
33
Suppose -3*x + 1959 = -f - 3459, 0 = 4*x - f - 7225. Calculate the greatest common divisor of 65 and x.
13
Let u(m) = -3*m**3 - 109*m**2 + 73*m + 71. Let p be u(-37). What is the greatest common factor of 189 and p?
27
Suppose 0 = -4*r + 88 - 100. Let i be (-1)/(r - (-832)/280). Calculate the highest common factor of i and 45.
5
Let f(o) = 5*o**2 + 32*o - 46. Let i(j) = -12*j**2 - 64*j + 91. Let t(c) = -5*f(c) - 2*i(c). Let n be t(-33). Calculate the highest common factor of n and 4.
1
Let r = 2909 - 2619. Calculate the greatest common factor of r and 725.
145
Suppose -11*p + 6*p = 30, 0 = -5*o - 4*p + 816. Calculate the highest common divisor of 1904 and o.
56
Let f be 47*((-1 - -5) + -3). Let j = -27 + f. Let m be (-2)/(-5) - (-12)/j. Calculate the greatest common divisor of 5 and m.
1
Let g(c) = 5*c + 40. Let p be 1 - (-8 + 5)*46/3. Suppose 37 = -12*v - p. Let x be g(v). Calculate the highest common divisor of 85 and x.
5
Suppose 16*f - 1485 = -8*f - 9*f. What is the greatest common divisor of 8145 and f?
45
Let c(l) = 67*l + 13241. Let z be c(-197). Let i be (3/4)/(1/12). What is the highest common factor of i and z?
3
Let m(y) = -2*y + 1. Let a be m(-1). Let w be (300/12 - 22)/((-2)/(-12)). Suppose -w = a*n - 4*n. What is the highest common divisor of n and 45?
9
Let g = 36 - 355. Let u be (-8)/14 + g/(-203) + 53. Calculate the highest common divisor of u and 432.
54
Let y be 132/10*(-22)/((-528)/360). Let q be (-1 - -3)*18/2. What is the highest common factor of y and q?
18
Let m(j) = -12*j**3 + 9*j**2 - 3*j - 11. Let f be m(-2). Calculate the highest common factor of f and 4699.
127
Let s be (-5404)/(-49) - 6/21. Suppose -b - 2*f = -18, -5*f + s = 7*b - 2*b. What is the highest common factor of 104 and b?
26
Suppose 0 = -15*n + 4*n + 55. Suppose 564 = n*f + 3*y, 4*y - 1 = 3*f - 322. Calculate the greatest common factor of f and 37.
37
Let s = -6762 - -7786. Calculate the greatest common divisor of 88 and s.
8
Let g = -15276 + 50208. What is the highest common factor of g and 213?
213
Let c = -16718 - -24237. Calculate the greatest common factor of 73 and c.
73
Let g = 69 - 66. Let k(d) = 11*d + 13*d + 10*d + 2*d. Let r be k(g). What is the greatest common factor of r and 12?
12
Let u(a) = a**2 + 174*a + 1189. Let y be u(-7). Let r(b) = 61*b**2 - 3*b + 2. Let d be r(1). Calculate the greatest common divisor of d and y.
20
Let p(s) = 47*s - 6. Let v be p(-2). Let h = v - -124. What is the highest common divisor of h and 84?
12
Let y(m) = -m**2. Let o(v) = -2*v**2 + v + 88. Let f(s) = o(s) - y(s). Let z be f(0). Let h be 2*(3 - (0 + -1)). What is the greatest common factor of h and z?
8
Let i(r) = -3*r**3 - 5*r**2 + 6*r**3 - r - 1 - 2 - 4*r**3. Let b be i(-5). Suppose -4*h = h - 10. What is the greatest common divisor of b and h?
2
Let v = -12613 + 12628. Let o(f) = f + 85. Let p be o(0). What is the highest common divisor of p and v?
5
Let t = 8 - 8. Suppose -2*s + 5 + 13 = -2*g, t = -2*s - 4*g. Let d = 336 - 330. Calculate the highest common factor of d and s.
6
Let g be (-3 - -2)/(-1) + 222 - 4. Calculate the highest common factor of 12 and g.
3
Let m(o) be the first derivative of -14*o**2 - 81*o + 111. Let q be m(-9). Calculate the highest common divisor of 9 and q.
9
Let u = -293 + 784. Suppose -17*y + 2344 = u. Let w = -107 + y. Calculate the greatest common divisor of 1 and w.
1
Suppose 4*q = n - 208, -q + 4*q - 2*n + 151 = 0. Let a = 64 + q. What is the greatest common divisor of a and 88?
11
Let z(k) = 8805*k**2 + 98*k - 98. Let s be z(1). What is the highest common divisor of s and 15?
15
Let v(u) = -u**3 - 13*u**2 - 17*u - 27. Let d be v(-12). Suppose -1311 = 10*z - d*z. Calculate the greatest common divisor of z and 38.
19
Suppose -551 = 88*c - 16027 - 5116. Calculate the greatest common divisor of c and 54.
18
Let s(z) = 45*z + 110. Let l(h) = 2*h + 5. Let t(v) = 130*l(v) - 6*s(v). Let a be t(-2). What is the greatest common divisor of a and 110?
10
Let f be -3 + 0 - (-299 - 3). Suppose f*i = 303*i - 208. What is the highest common divisor of i and 13?
13
Let m(u) = -u**2 - 18*u - 18. Let w be m(-17). Let a be (-4 - w)*(50 + -6)/(-4). Let g be (11/(-2))/(5/(-10)). Calculate the greatest common divisor of a and g.
11
Suppose -t = -2*t + 130. Let c be (-21)/(-1)*(1679/161 - 9/1). What is the greatest common factor of c and t?
10
Let x be 135/(-6)*(-456)/10. Let z = -1992 - -1992. Suppose z = 6*q - 3*q - x. What is the highest common factor of 38 and q?
38
Let n(p) = 17*p**2 + 7*p + 9. Suppose -8*l + 9*l = 46. Let s = l + -49. Let m be n(s). Calculate the greatest common divisor of 94 and m.
47
Let d = 3540 - 3502. What is the greatest common factor of 3914 and d?
38
Let d(m) = 3*m**3 - 15*m**2 - 57*m + 522. Let u be d(8). What is the highest common factor of u and 72?
6
Suppose 3*r - 9*r = -882. Let l = r + -336. Let t = 364 + l. Calculate the highest common factor of 25 and t.
25
Let o = 148 - 121. Suppose 0 = b - 5*a - 5 - o, a = 4*b - 52. Suppose 3*d - 2*i = -0*d + 248, -250 = -3*d + i. Calculate the highest common factor of d and b.
12
Let t = -294 + 297. Let p be 17 + t + 0 + (-9)/3. What is the greatest common divisor of 425 and p?
17
Suppose -32*t = -35*t - 429. Let y = t + 83. Let z = y - -93. Calculate the highest common factor of z and 3.
3
Suppose 3*l - 60 = 762. Let w = l - 212. Calculate the greatest common divisor of 31 and w.
31
Let c(v) = 10*v - 13. Let s = -73 - -75. Let z be c(s). Suppose z*t - 17 = 74. Calculate the greatest common divisor of t and 13.
13
Suppose 0 = 2*d - 290 - 14. Suppose 2*q - n - 13 = 0, -q + 6*q - 28 = 4*n. Calculate the highest common factor of q and d.
8
Let k = -237 - -241. Suppose f - 2*l - 53 = 81, -k*f + 544 = -4*l. Calculate the highest common factor of f and 6.
6
Let k(n) = -19*n**3 - 5*n**2 - 2*n + 19. Suppose 20*r + 53 + 7 = 0. Let f be k(r). What is the highest common divisor of f and 29?
29
Let j = 247 + 2149. What is the greatest common divisor of j and 4?
4
Let c = 12 - 4. Let m be 24/(-9)*63/2. Let j be (-24)/(-7) - 48/m. What is the highest common factor of j and c?
4
Suppose -171 = -3*i + 2*i - 3*m, 2*m = -2*i + 362. Let c = i + -106. Suppose -3*w = -26 - 4. Calculate the greatest common divisor of w and c.
10
Let y be ((-2134)/(-110) + 1)/((-2)/(-50)). What is the highest common factor of 290 and y?
10
Let m(o) = -51*o + 15. Let n be m(-7). What is the greatest common divisor of 775 and n?
31
Let k = -165 - -242. Let z(s) = -39 + 100 + s + 93 + k. Let r be z(0). What is the greatest common factor of 21 and r?
21
Suppose 0 = -30*v + 4*v + 442. Let l be (-51)/v*(-66)/9. What is the highest common divisor of l and 33?
11
Let f = 4079 + -3960. What is the highest common divisor of f and 21?
7
Suppose -4*s = -2*x + 5*x + 86, -5*s = 5*x + 145. Let y = x + 107. What is the highest common divisor of 35 and y?
7
Let t be (-12)/((-6 - -2) + 1406/380). Suppose 64 = -r + 3*r. What is the highest common factor of t and r?
8
Let m be 2 - (3/(-9))/(5/255). Suppose 2*h + m - 23 = 0. Suppose -2*w - 225 = -5*p, h*p - 90 = -3*w - 2*w. What is the greatest common factor of p and 9?
9
Suppose w + 134 = 4*a, -a + 4*w - 31 + 42 = 0. What is the highest common divisor of a and 1477?
7
Let z(v) = -15*v - 14. Let u be z(-7). Suppose 5*y = s + 3*y - 35, 4 = 2*y. What is the greatest common factor of u and s?
13
Suppose 3 = -4*t + 135. Suppose -4*y - 5*s = -82, 1740*y + 23 = 1741*y + s. Calculate the highest common factor of t and y.
33
Suppose 5*u + 2*i = -645, 3*i + i = -5*u - 645. Let z = u + 195. Let l = -51 + z. Calcul